when 859325 is divided by 1011.
986
What is the remainder when 2410131 is divided by 1441?
779
Calculate the remainder when 36923 is divided by 649.
579
What is the remainder when 108430 is divided by 54?
52
What is the remainder when 789847 is divided by 1458?
1069
Calculate the remainder when 252488 is divided by 12023.
5
Calculate the remainder when 1900305 is divided by 2746.
73
Calculate the remainder when 71975 is divided by 5921.
923
What is the remainder when 740200 is divided by 7?
6
Calculate the remainder when 103720190 is divided by 227.
31
What is the remainder when 142173 is divided by 12924?
9
Calculate the remainder when 120212239 is divided by 724.
3
Calculate the remainder when 16339778 is divided by 41262.
26
Calculate the remainder when 3262352 is divided by 660.
632
Calculate the remainder when 4004524 is divided by 2002249.
26
What is the remainder when 2958058 is divided by 37?
19
What is the remainder when 1376829 is divided by 445?
444
What is the remainder when 15797 is divided by 2278?
2129
What is the remainder when 1087950 is divided by 67?
4
What is the remainder when 84817856 is divided by 30?
26
What is the remainder when 13582 is divided by 4489?
115
What is the remainder when 16362018 is divided by 17?
11
Calculate the remainder when 4252543 is divided by 311.
240
Calculate the remainder when 2745900 is divided by 2415.
45
What is the remainder when 501674 is divided by 167221?
11
Calculate the remainder when 17740 is divided by 8839.
62
Calculate the remainder when 7097177 is divided by 1165.
1162
Calculate the remainder when 29601 is divided by 1546.
227
Calculate the remainder when 6691 is divided by 1877.
1060
Calculate the remainder when 1087083 is divided by 2353.
2350
What is the remainder when 166729677 is divided by 120?
117
What is the remainder when 147166 is divided by 67?
34
Calculate the remainder when 96425906 is divided by 2284.
2278
What is the remainder when 12654093 is divided by 43188?
9
Calculate the remainder when 18436524 is divided by 484.
480
What is the remainder when 329593 is divided by 519?
28
Calculate the remainder when 9073 is divided by 6546.
2527
Calculate the remainder when 27781794 is divided by 57.
51
Calculate the remainder when 14511114 is divided by 48050.
14
Calculate the remainder when 147997 is divided by 36960.
157
Calculate the remainder when 52031 is divided by 17276.
203
What is the remainder when 136278 is divided by 349?
168
What is the remainder when 2030063 is divided by 1601?
1596
What is the remainder when 101768898 is divided by 112?
98
Calculate the remainder when 34743411 is divided by 2285.
2271
What is the remainder when 1171109 is divided by 146386?
21
What is the remainder when 53867927 is divided by 606?
587
What is the remainder when 6109736 is divided by 129990?
206
Calculate the remainder when 27509464 is divided by 129.
85
Calculate the remainder when 4005023 is divided by 2002006.
1011
What is the remainder when 3264312 is divided by 279?
12
What is the remainder when 22474533 is divided by 3210637?
74
What is the remainder when 458347 is divided by 8867?
6130
Calculate the remainder when 441372884 is divided by 17.
14
Calculate the remainder when 19748 is divided by 16836.
2912
Calculate the remainder when 14526680 is divided by 21.
14
What is the remainder when 2298278 is divided by 204?
14
Calculate the remainder when 56842905 is divided by 28421448.
9
What is the remainder when 10299 is divided by 5139?
21
What is the remainder when 16593 is divided by 4083?
261
What is the remainder when 344181555 is divided by 238?
235
What is the remainder when 1641127 is divided by 506?
169
Calculate the remainder when 650347 is divided by 11204.
515
Calculate the remainder when 892712 is divided by 10131.
1184
What is the remainder when 388276 is divided by 432?
340
What is the remainder when 6307 is divided by 380?
227
Calculate the remainder when 661956 is divided by 871.
867
What is the remainder when 44268 is divided by 43296?
972
Calculate the remainder when 331259 is divided by 25433.
630
What is the remainder when 267798 is divided by 4239?
741
Calculate the remainder when 26845 is divided by 1793.
1743
What is the remainder when 24304 is divided by 864?
112
What is the remainder when 267753 is divided by 66796?
569
What is the remainder when 2052400 is divided by 5065?
1075
What is the remainder when 214316 is divided by 905?
736
What is the remainder when 1678764739 is divided by 24?
19
Calculate the remainder when 546054 is divided by 41991.
171
What is the remainder when 2647488 is divided by 882491?
15
What is the remainder when 31750 is divided by 699?
295
What is the remainder when 433453 is divided by 5565?
4948
What is the remainder when 18019802 is divided by 163?
152
What is the remainder when 41868552 is divided by 14?
12
What is the remainder when 1315481 is divided by 123?
119
What is the remainder when 169681 is divided by 251?
5
What is the remainder when 182797 is divided by 22826?
189
Calculate the remainder when 16101320 is divided by 8050555.
210
Calculate the remainder when 61985559 is divided by 35.
34
Calculate the remainder when 1053061 is divided by 50144.
37
Calculate the remainder when 149878 is divided by 71474.
6930
What is the remainder when 56575542 is divided by 611?
608
What is the remainder when 1162191 is divided by 72636?
15
What is the remainder when 5206372 is divided by 5206258?
114
What is the remainder when 74157377 is divided by 2486?
2483
Calculate the remainder when 306200579 is divided by 14.
13
Calculate the remainder when 3254770 is divided by 406837.
74
What is the remainder when 2412746 is divided by 285?
221
What is the remainder when 3369118 is divided by 673814?
48
Calculate the remainder when 483558 is divided by 48355.
8
What is the remainder when 35969950 is divided by 6600?
6550
What is the remainder when 2613185 is divided by 615?
50
What is the remainder when 63356 is divided by 497?
237
What is the remainder when 2918472 is divided by 836?
832
What is the remainder when 928621 is divided by 394?
357
What is the remainder when 8529100 is divided by 8903?
26
What is the remainder when 259150 is divided by 5889?
34
Calculate the remainder when 51050 is divided by 1243.
87
Calculate the remainder when 1687167 is divided by 438.
429
Calculate the remainder when 1644198 is divided by 10338.
456
Calculate the remainder when 12112501 is divided by 5369.
37
What is the remainder when 295639 is divided by 384?
343
Calculate the remainder when 5108933 is divided by 98.
95
Calculate the remainder when 20967935 is divided by 20377.
2
What is the remainder when 3539579 is divided by 15?
14
What is the remainder when 109847 is divided by 18205?
617
Calculate the remainder when 820547 is divided by 4597.
2281
What is the remainder when 557023 is divided by 3548?
3535
Calculate the remainder when 560382 is divided by 398.
396
What is the remainder when 2355659 is divided by 791?
61
Calculate the remainder when 583003 is divided by 117.
109
Calculate the remainder when 60956 is divided by 2257.
17
Calculate the remainder when 188092 is divided by 790.
72
Calculate the remainder when 5297326 is divided by 1467.
1456
What is the remainder when 957614 is divided by 1533?
1022
What is the remainder when 778235 is divided by 218?
193
What is the remainder when 1761904 is divided by 20971?
340
What is the remainder when 6055286 is divided by 615?
611
What is the remainder when 8451841 is divided by 845184?
1
Calculate the remainder when 25694159 is divided by 30.
29
Calculate the remainder when 951017 is divided by 179.
169
What is the remainder when 398863 is divided by 199421?
21
What is the remainder when 122660 is divided by 30295?
1480
Calculate the remainder when 5969429 is divided by 54.
53
Calculate the remainder when 174643 is divided by 21727.
827
What is the remainder when 404690 is divided by 3137?
17
What is the remainder when 8287677 is divided by 117?
99
Calculate the remainder when 30909439 is divided by 429.
418
What is the remainder when 1676973 is divided by 8826?
33
What is the remainder when 15085457 is divided by 674?
663
Calculate the remainder when 3066760 is divided by 2181.
274
Wha